ivisor of 6 and 1714?
2
Calculate the highest common divisor of 2762831 and 292.
73
Calculate the greatest common factor of 4788 and 868.
28
What is the greatest common factor of 738 and 2574?
18
What is the greatest common divisor of 576 and 47106?
18
What is the highest common divisor of 154 and 48622?
14
Calculate the greatest common divisor of 825 and 25200.
75
Calculate the greatest common factor of 314 and 405374.
314
Calculate the highest common factor of 908559 and 1413.
1413
What is the highest common divisor of 144216 and 1656?
72
Calculate the greatest common divisor of 1077 and 1784589.
1077
What is the highest common divisor of 4666974 and 6?
6
What is the highest common divisor of 3591 and 48531?
21
What is the greatest common factor of 420 and 294560?
140
Calculate the highest common factor of 7 and 2713.
1
What is the greatest common factor of 520 and 64688?
104
What is the highest common factor of 95 and 40869?
19
Calculate the highest common divisor of 1426279 and 331.
331
What is the greatest common factor of 155 and 30690?
155
Calculate the highest common factor of 1610552 and 828.
92
Calculate the highest common factor of 591 and 598683.
591
Calculate the highest common factor of 740 and 156.
4
What is the greatest common divisor of 42 and 36351?
21
Calculate the greatest common factor of 1236030 and 60.
30
What is the highest common factor of 424882 and 218?
218
What is the greatest common divisor of 738558 and 243?
81
Calculate the highest common divisor of 2770 and 5720.
10
What is the greatest common factor of 289352 and 84?
28
Calculate the highest common divisor of 672 and 289632.
672
Calculate the greatest common factor of 4465 and 15040.
235
What is the greatest common factor of 168 and 1061592?
168
What is the highest common divisor of 70072 and 988?
76
Calculate the greatest common divisor of 439101 and 278.
139
Calculate the highest common divisor of 2601 and 27846.
153
What is the greatest common divisor of 100 and 29060?
20
What is the highest common divisor of 1477 and 2598043?
1477
What is the greatest common divisor of 10648 and 4808?
8
What is the greatest common factor of 101804 and 31?
31
What is the highest common divisor of 236 and 512?
4
What is the greatest common factor of 2094 and 2874015?
1047
What is the highest common factor of 141 and 543273?
141
Calculate the highest common factor of 1610 and 2898.
322
What is the greatest common divisor of 99 and 478797?
33
Calculate the greatest common divisor of 1611 and 9.
9
Calculate the highest common divisor of 135 and 93285.
135
What is the highest common factor of 2236 and 1976?
52
Calculate the highest common divisor of 700 and 86960.
20
What is the highest common factor of 31 and 75547?
31
Calculate the greatest common divisor of 984 and 22032.
24
Calculate the highest common factor of 1536 and 254784.
192
Calculate the highest common divisor of 901 and 51.
17
Calculate the greatest common divisor of 15 and 1596765.
15
Calculate the highest common divisor of 7260429 and 33.
33
Calculate the greatest common factor of 5792 and 5120.
32
What is the greatest common divisor of 185201 and 292?
73
Calculate the greatest common divisor of 110 and 770.
110
What is the greatest common divisor of 1073 and 18821?
29
What is the greatest common divisor of 38292 and 12?
12
What is the greatest common factor of 11694712 and 2384?
1192
Calculate the highest common factor of 72878 and 104.
26
Calculate the greatest common factor of 120 and 305720.
40
What is the greatest common factor of 50784 and 1068?
12
What is the highest common factor of 7920 and 27522?
198
Calculate the greatest common factor of 1575456 and 312.
24
What is the highest common divisor of 819 and 8307?
117
Calculate the greatest common divisor of 2562 and 103446.
42
What is the greatest common divisor of 430 and 33368?
86
What is the greatest common divisor of 4221696 and 414?
138
What is the greatest common factor of 39540 and 1680?
60
What is the greatest common divisor of 135432 and 1056?
264
What is the greatest common divisor of 134046 and 198?
198
Calculate the highest common divisor of 6485616 and 48.
48
Calculate the highest common factor of 39198 and 1410.
282
Calculate the highest common divisor of 17044 and 4.
4
What is the highest common factor of 1846336 and 17?
17
Calculate the greatest common factor of 46360 and 1235.
95
What is the highest common divisor of 57159 and 15138?
261
Calculate the highest common factor of 45330 and 165.
15
What is the highest common divisor of 55 and 640915?
55
What is the highest common factor of 525 and 10930500?
525
What is the greatest common factor of 607971 and 3930?
393
What is the highest common divisor of 6223 and 6958?
49
What is the highest common divisor of 46 and 121417?
23
What is the greatest common factor of 25 and 288800?
25
Calculate the highest common factor of 48 and 576600.
24
What is the greatest common divisor of 214548 and 228?
228
Calculate the greatest common factor of 11725 and 119700.
175
Calculate the highest common factor of 66 and 449691.
33
Calculate the highest common divisor of 2240 and 17600.
320
Calculate the highest common factor of 53 and 310633.
53
Calculate the highest common divisor of 96970 and 30.
10
Calculate the greatest common divisor of 18 and 10170.
18
What is the highest common factor of 312 and 557544?
312
Calculate the highest common divisor of 77126 and 196.
98
Calculate the highest common factor of 2523651 and 117.
39
Calculate the highest common divisor of 1736 and 5558.
14
What is the greatest common factor of 28444 and 3796?
52
What is the greatest common factor of 337186 and 106?
106
What is the greatest common factor of 1507 and 66719?
137
What is the highest common divisor of 7395 and 10455?
255
What is the highest common factor of 17 and 49351?
17
What is the highest common divisor of 48939 and 726?
33
Calculate the highest common divisor of 11 and 1086426.
11
Calculate the highest common factor of 1431072 and 1152.
288
What is the greatest common factor of 2511 and 3317?
31
What is the highest common divisor of 246 and 2208301?
41
What is the highest common divisor of 65 and 211315?
65
Calculate the greatest common divisor of 889 and 259.
7
Calculate the greatest common divisor of 3114612 and 648.
324
What is the greatest common factor of 106 and 46587?
53
What is the greatest common factor of 9344 and 5568?
64
What is the highest common factor of 54 and 4614?
6
Calculate the greatest common factor of 43680 and 1260.
420
Calculate the greatest common divisor of 333 and 542827.
37
What is the highest common divisor of 205292 and 34?
34
Calculate the greatest common factor of 1442 and 4223.
103
What is the greatest common divisor of 32661 and 1026?
171
Calculate the highest common divisor of 1238246 and 34.
34
What is the greatest common divisor of 97554 and 426?
426
What is the highest common factor of 5588 and 127?
127
What is the highest common factor of 233016 and 112?
56
Calculate the greatest common divisor of 500 and 5240.
20
Calculate the greatest common divisor of 371 and 54481.
7
What is the greatest common factor of 6066 and 414?
18
What is the greatest common factor of 7 and 205471?
7
What is the greatest common factor of 118 and 2309?
1
What is the highest common divisor of 29977 and 58987?
967
What is the greatest common factor of 693 and 927?
9
Calculate the greatest common divisor of 1219 and 11713.
53
What is the highest common factor of 9989 and 21?
7
What is the greatest common divisor of 98080 and 5?
5
Calculate the highest common factor of 514 and 101258.
514
Calculate the greatest common divisor of 456332 and 20.
4
Calculate the greatest common divisor of 117 and 6396.
39
What is the greatest common factor of 32447 and 71?
71
What is the greatest common factor of 126 and 598542?
42
What is the greatest common factor of 49 and 64827?
49
Calculate the highest common divisor of 156 and 1023204.
156
What is the greatest common divisor of 468 and 564?
12
Calculate the greatest common factor of 72 and 331992.
72
Calculate the highest common divisor of 3581457 and 231.
33
Calculate the highest common divisor of 4745072 and 142.
142
What is the highest common divisor of 11529 